e?
False
Is 301177 composite?
False
Is 15055 a composite number?
True
Is 669733 a prime number?
True
Is 320627 a composite number?
False
Is 19769 a composite number?
True
Is 316631 a prime number?
False
Is 126571 a prime number?
False
Is 219911 composite?
False
Is 1059985 a composite number?
True
Is 14273 prime?
False
Is 305543 composite?
True
Is 38299 a prime number?
True
Is 3487 a prime number?
False
Is 644477 a prime number?
False
Is 2345649 composite?
True
Is 82261 composite?
False
Is 65183 a composite number?
False
Is 72739 prime?
True
Is 42011 composite?
True
Is 71069 a prime number?
True
Is 310019 prime?
True
Is 1457 a prime number?
False
Is 5153 a prime number?
True
Is 67591 a prime number?
False
Is 7229 prime?
True
Is 14591 prime?
True
Is 89867 a prime number?
True
Is 94873 composite?
False
Is 108631 a composite number?
False
Is 1943 composite?
True
Is 21001 prime?
True
Is 76597 prime?
True
Is 3813893 a composite number?
False
Is 766345 prime?
False
Is 22549 composite?
False
Is 85721 a prime number?
False
Is 13799 composite?
False
Is 1785127 a prime number?
False
Is 459353 composite?
False
Is 223467 prime?
False
Is 943471 composite?
False
Is 3119 prime?
True
Is 1251007 prime?
False
Is 13273 a prime number?
False
Is 1381783 a composite number?
True
Is 37043 a composite number?
True
Is 64765 a composite number?
True
Is 489479 prime?
True
Is 170426 a composite number?
True
Is 107807 a prime number?
False
Is 87 composite?
True
Is 37477 composite?
True
Is 297683 prime?
True
Is 18737 prime?
False
Is 60373 prime?
True
Is 10627 a composite number?
False
Is 96598 a composite number?
True
Is 1113941 a composite number?
False
Is 15991 a composite number?
False
Is 107837 a prime number?
True
Is 28111 composite?
False
Is 50459 prime?
True
Is 18131 a prime number?
True
Is 42193 a prime number?
True
Is 1993 composite?
False
Is 67699 prime?
True
Is 83203 a prime number?
True
Is 30881 composite?
False
Is 2479219 composite?
False
Is 3025591 composite?
True
Is 4987 a composite number?
False
Is 3896661 composite?
True
Is 6879 a prime number?
False
Is 109229 a prime number?
True
Is 8353 prime?
True
Is 3151 prime?
False
Is 23927 prime?
False
Is 5981 a composite number?
False
Is 4783 a prime number?
True
Is 3341081 a prime number?
False
Is 49673 a composite number?
True
Is 52223 a prime number?
True
Is 156263 prime?
False
Is 18823 composite?
True
Is 10351 a composite number?
True
Is 158867 prime?
True
Is 133799 composite?
True
Is 22343 composite?
False
Is 1124053 a prime number?
False
Is 63901 a composite number?
False
Is 44567 a composite number?
True
Is 229937 composite?
False
Is 101431 prime?
False
Is 19814 composite?
True
Is 28723 prime?
True
Is 107207 prime?
False
Is 8609 a prime number?
True
Is 691 a composite number?
False
Is 1471 a prime number?
True
Is 4341 prime?
False
Is 262453 a composite number?
True
Is 35377 composite?
True
Is 27239 prime?
True
Is 2477 a prime number?
True
Is 1137439 a prime number?
True
Is 13517 composite?
True
Is 1231715 a prime number?
False
Is 2777 a composite number?
False
Is 88307 a prime number?
False
Is 230539 a prime number?
True
Is 4367 prime?
False
Is 875293 composite?
True
Is 5779 a composite number?
False
Is 50222 a composite number?
True
Is 23678 prime?
False
Is 204251 composite?
False
Is 97327 a prime number?
True
Is 21377 a prime number?
True
Is 25385 a composite number?
True
Is 2031 prime?
False
Is 20977 a composite number?
True
Is 3449 a composite number?
False
Is 4954 a composite number?
True
Is 24943 prime?
True
Is 13453 a composite number?
True
Is 1768181 a composite number?
False
Is 221159 composite?
False
Is 462697 composite?
False
Is 19571 composite?
False
Is 853 a prime number?
True
Is 967663 a prime number?
True
Is 7649 composite?
False
Is 124739 a composite number?
False
Is 29033 a composite number?
False
Is 43691 prime?
True
Is 51767 a composite number?
False
Is 2255863 composite?
True
Is 2447 composite?
False
Is 3319 a prime number?
True
Is 566653 composite?
False
Is 6261 composite?
True
Is 17371 composite?
True
Is 8579 a prime number?
False
Is 199931 a prime number?
True
Is 71747 prime?
False
Is 5079 prime?
False
Is 38167 prime?
True
Is 71963 a prime number?
True
Is 272117 composite?
True
Is 19531 a composite number?
False
Is 24861 prime?
False
Is 6031 composite?
True
Is 708893 composite?
False
Is 589 a composite number?
True
Is 38083 a composite number?
False
Is 9871 a composite number?
False
Is 431983 composite?
False
Is 63241 composite?
False
Is 156413 composite?
True
Is 376757 prime?
True
Is 15683 a composite number?
False
Is 2893 a prime number?
False
Is 24721 a composite number?
True
Is 192313 prime?
False
Is 48407 a prime number?
True
Is 11579 prime?
True
Is 211 a composite number?
False
Is 1693 prime?
True
Is 364699 a prime number?
True
Is 378199 prime?
False
Is 320123 composite?
True
Is 649 a prime number?
False
Is 13537 prime?
True
Is 57949 a composite number?
True
Is 22433 prime?
True
Is 30553 a composite number?
False
Is 379351 composite?
True
Is 6065 a prime number?
False
Is 131101 composite?
False
Is 305 prime?
False
Is 811403 composite?
True
Is 16361 composite?
False
Is 73397 a composite number?
True
Is 1019503 a prime number?
True
Is 13523 composite?
False
Is 23801 a prime number?
True
Is 4483 prime?
True
Is 260171 prime?
True
Is 1669163 a composite number?
False
Is 4171 a prime number?
False
Is 312701 a prime number?
True
Is 59233 prime?
True
Is 512651 a prime number?
False
Is 1288477 a composite number?
True
Is 3821 a composite number?
False
Is 1531 composite?
False
Is 43801 a composite number?
False
Is 2173 composite?
True
Is 1721914 composite?
True
Is 2059 a prime number?
False
Is 60149 a prime number?
True
Is 730031 composite?
True
Is 33827 composite?
False
Is 323567 prime?
True
Is 1969 a prime number?
False
Is 2196011 a prime number?
True
Is 72001 a prime number?
False
Is 2939 composite?
False
Is 46073 a prime number?
True
Is 6739 prime?
False
Is 15517 a composite number?
True
Is 850717 a prime number?
False
Is 152249 a prime number?
True
Is 124471 a prime number?
True
Is 260815 a prime number?
False
Is 25663 a composite number?
True
Is 7789 a composite number?
False
Is 100379 a prime number?
True
Is 1765 a prime number?
False
Is 2227 prime?
False
Is 8887 a composite number?
False
Is 18947 a composite number?
False
Is 328991 a composite number?
True
Is 89041 a prime number?
True
Is 21269 prime?
True
Is 91079 prime?
True
Is 37451 a prime number?
False
Is 35195 a prime number?
False
Is 779 prime?
False
Is 28529 a prime number?
False
Is 1411541 a composite number?
False
Is 3196757 a composite number?
True
Is 2203 a prime number?
True
Is 20455 a prime number?
False
Is 6881 prime?
False
Is 12055 prime?
False
Is 75769 a composite number?
True
Is 368477 a prime number?
False
Is 1011577 prime?
False
Is 1005667 a prime number?
False
Is 8977 a prime number?
False
Is 12469 a prime number?
False
Is 331754 prime?
False
Is 476579 composite?
False
Is 31281 a prime number?
False
Is 579167 prime?
False
Is 31549 prime?
False
Is 213635 prime?
False
Is 23239 prime?
False
Is 8083 a composite number?
True
Is 77005 a composite number?
True
Is 85661 a prime number?
True
Is 7829 a prime number?
True
Is 7059683 prime?
True
Is 9093739 a prime number?
True
Is 16033 a prime number?
True
Is 38803 a composite number?
False
Is 4629 prime?
False
Is 2735 a composite number?
True
Is 11677 prime?
True
Is 47347 prime?
False
Is 10435 prime?
False
Is 108973 composite?
True
Is 31555 composite?
True
Is 10411 a prime number?
False
Is 4861 composite?
False
Is 487867 a composite number?
True
Is 589859 a composite number?
False
Is 299 a composite number?
True
Is 81633 a prime number?
False
Is 3389 a composite number?
False
Is 1060513 a prime number?
True
Is 9781 prime?
True
Is 25867 a prime number?
True
Is 166955 prime?
False
Is 136783 a composite number?
True
Is 18709 a composite number?
True
Is 14719 composite?
True
Is 360257 composite?
False
Is 863767 composite?
False
Is 474949 a prime number?
True
Is 20153 composite?
True
Is 12689 a composite number?
False
Is 148921 prime?
True
Is 6481 prime?
True
Is 1314043 prime?
True
Is 107791 prime?
True
Is 1257541 a prime number?
False
Is 2881 a prime number?
False
Is 919 